{"id":109,"date":"2018-05-26T13:46:12","date_gmt":"2018-05-26T11:46:12","guid":{"rendered":"http:\/\/www.schenk-real.at\/main\/?page_id=109"},"modified":"2018-05-26T13:53:07","modified_gmt":"2018-05-26T11:53:07","slug":"datenschutzerklaerung","status":"publish","type":"page","link":"https:\/\/www.schenk-real.at\/main\/datenschutzerklaerung\/","title":{"rendered":"Datenschutzerkl\u00e4rung"},"content":{"rendered":"<h2 id=\"heading__Datenschutzerklaerung_\">Datenschutz<\/h2>\n<p>Der Schutz Ihrer pers\u00f6nlichen Daten ist uns ein besonderes Anliegen. Wir verarbeiten Ihre Daten daher ausschlie\u00dflich auf Grundlage der gesetzlichen Bestimmungen (DSGVO, TKG 2003). In diesen Datenschutzinformationen informieren wir Sie \u00fcber die wichtigsten Aspekte der Datenverarbeitung im Rahmen unserer Website.<\/p>\n<h2 id=\"heading_Kontakt_mit_uns\">Kontakt mit uns<\/h2>\n<p>Wenn Sie per\u00a0 E-Mail Kontakt mit uns aufnehmen, werden Ihre angegebenen Daten zwecks Bearbeitung der Anfrage und f\u00fcr den Fall von Anschlussfragen 12 Monate bei uns gespeichert. Diese Daten geben wir nicht ohne Ihre Einwilligung weiter.<\/p>\n<h2 id=\"heading_Ihre_Rechte\">Ihre Rechte<\/h2>\n<p>Ihnen stehen grunds\u00e4tzlich die Rechte auf Auskunft, Berichtigung, L\u00f6schung, Einschr\u00e4nkung, Daten\u00fcbertragbarkeit, Widerruf und Widerspruch zu. Wenn Sie glauben, dass die Verarbeitung Ihrer Daten gegen das Datenschutzrecht verst\u00f6\u00dft oder Ihre datenschutzrechtlichen Anspr\u00fcche sonst in einer Weise verletzt worden sind, k\u00f6nnen Sie sich bei der Aufsichtsbeh\u00f6rde beschweren. In \u00d6sterreich ist dies die Datenschutzbeh\u00f6rde.<\/p>\n<h2 id=\"heading_Sie_erreichen_uns_unter_folgenden_Kontaktdaten_\">Sie erreichen uns unter folgenden Kontaktdaten:<\/h2>\n<div class=\"contact-address\">Aste 27a &#8211; 6071 Aldrans<\/div>\n<div class=\"contact-phone\"><i class=\"fa fa-phone\"><\/i>+43 (0)664 380 12 51<\/div>\n<div class=\"contact-email\"><i class=\"fa fa-envelope\"><\/i><a href=\"mailto:office@schenk-real.at\">office@schenk-real.at<\/a><\/div>\n","protected":false},"excerpt":{"rendered":"<p>Datenschutz Der Schutz Ihrer pers\u00f6nlichen Daten ist uns ein besonderes Anliegen. Wir verarbeiten Ihre Daten daher ausschlie\u00dflich auf Grundlage der gesetzlichen Bestimmungen (DSGVO, TKG 2003). In diesen Datenschutzinformationen informieren wir Sie \u00fcber die wichtigsten Aspekte der Datenverarbeitung im Rahmen unserer Website. Kontakt mit uns Wenn Sie per\u00a0 E-Mail Kontakt mit uns aufnehmen, werden Ihre angegebenen [&hellip;]<\/p>\n","protected":false},"author":1,"featured_media":0,"parent":0,"menu_order":0,"comment_status":"closed","ping_status":"closed","template":"","meta":{"footnotes":""},"yoast_head":"<!-- This site is optimized with the Yoast SEO plugin v14.1 - https:\/\/yoast.com\/wordpress\/plugins\/seo\/ -->\n<title>Datenschutzerkl\u00e4rung - Schenk Real<\/title>\n<meta name=\"robots\" content=\"index, follow\" \/>\n<meta name=\"googlebot\" content=\"index, follow, max-snippet:-1, max-image-preview:large, max-video-preview:-1\" \/>\n<meta name=\"bingbot\" content=\"index, follow, max-snippet:-1, max-image-preview:large, max-video-preview:-1\" \/>\n<link rel=\"canonical\" href=\"https:\/\/www.schenk-real.at\/main\/datenschutzerklaerung\/\" \/>\n<meta property=\"og:locale\" content=\"de_DE\" \/>\n<meta property=\"og:type\" content=\"article\" \/>\n<meta property=\"og:title\" content=\"Datenschutzerkl\u00e4rung - Schenk Real\" \/>\n<meta property=\"og:description\" content=\"Datenschutz Der Schutz Ihrer pers\u00f6nlichen Daten ist uns ein besonderes Anliegen. Wir verarbeiten Ihre Daten daher ausschlie\u00dflich auf Grundlage der gesetzlichen Bestimmungen (DSGVO, TKG 2003). In diesen Datenschutzinformationen informieren wir Sie \u00fcber die wichtigsten Aspekte der Datenverarbeitung im Rahmen unserer Website. Kontakt mit uns Wenn Sie per\u00a0 E-Mail Kontakt mit uns aufnehmen, werden Ihre angegebenen [&hellip;]\" \/>\n<meta property=\"og:url\" content=\"https:\/\/www.schenk-real.at\/main\/datenschutzerklaerung\/\" \/>\n<meta property=\"og:site_name\" content=\"Schenk Real\" \/>\n<meta property=\"article:modified_time\" content=\"2018-05-26T11:53:07+00:00\" \/>\n<meta name=\"twitter:card\" content=\"summary\" \/>\n<script type=\"application\/ld+json\" class=\"yoast-schema-graph\">{\"@context\":\"https:\/\/schema.org\",\"@graph\":[{\"@type\":\"WebSite\",\"@id\":\"https:\/\/www.schenk-real.at\/main\/#website\",\"url\":\"https:\/\/www.schenk-real.at\/main\/\",\"name\":\"Schenk Real\",\"description\":\"\",\"potentialAction\":[{\"@type\":\"SearchAction\",\"target\":\"https:\/\/www.schenk-real.at\/main\/?s={search_term_string}\",\"query-input\":\"required name=search_term_string\"}],\"inLanguage\":\"de\"},{\"@type\":\"WebPage\",\"@id\":\"https:\/\/www.schenk-real.at\/main\/datenschutzerklaerung\/#webpage\",\"url\":\"https:\/\/www.schenk-real.at\/main\/datenschutzerklaerung\/\",\"name\":\"Datenschutzerkl\\u00e4rung - Schenk Real\",\"isPartOf\":{\"@id\":\"https:\/\/www.schenk-real.at\/main\/#website\"},\"datePublished\":\"2018-05-26T11:46:12+00:00\",\"dateModified\":\"2018-05-26T11:53:07+00:00\",\"inLanguage\":\"de\",\"potentialAction\":[{\"@type\":\"ReadAction\",\"target\":[\"https:\/\/www.schenk-real.at\/main\/datenschutzerklaerung\/\"]}]}]}<\/script>\n<!-- \/ Yoast SEO plugin. -->","_links":{"self":[{"href":"https:\/\/www.schenk-real.at\/main\/wp-json\/wp\/v2\/pages\/109"}],"collection":[{"href":"https:\/\/www.schenk-real.at\/main\/wp-json\/wp\/v2\/pages"}],"about":[{"href":"https:\/\/www.schenk-real.at\/main\/wp-json\/wp\/v2\/types\/page"}],"author":[{"embeddable":true,"href":"https:\/\/www.schenk-real.at\/main\/wp-json\/wp\/v2\/users\/1"}],"replies":[{"embeddable":true,"href":"https:\/\/www.schenk-real.at\/main\/wp-json\/wp\/v2\/comments?post=109"}],"version-history":[{"count":4,"href":"https:\/\/www.schenk-real.at\/main\/wp-json\/wp\/v2\/pages\/109\/revisions"}],"predecessor-version":[{"id":113,"href":"https:\/\/www.schenk-real.at\/main\/wp-json\/wp\/v2\/pages\/109\/revisions\/113"}],"wp:attachment":[{"href":"https:\/\/www.schenk-real.at\/main\/wp-json\/wp\/v2\/media?parent=109"}],"curies":[{"name":"wp","href":"https:\/\/api.w.org\/{rel}","templated":true}]}}